n base 2, what is 10 - -101100?
101110
In base 2, what is 1110111 - -1000111?
10111110
In base 4, what is 21 + 133?
220
In base 4, what is -22 + -11212?
-11300
In base 2, what is 1000011 - -11110?
1100001
In base 8, what is -707 - -1?
-706
In base 16, what is -48 - f?
-57
In base 16, what is 3a - 4?
36
In base 15, what is 3 - 280?
-27c
In base 3, what is 0 + 1120221?
1120221
In base 15, what is 39 - -6b?
a5
In base 6, what is 31 - -22?
53
In base 4, what is 3 + 10031?
10100
In base 7, what is -64 + 2?
-62
In base 2, what is 101 - -10101011?
10110000
In base 13, what is -2 + -10a9?
-10ab
In base 14, what is 1b + -5?
16
In base 8, what is -4 + 1273?
1267
In base 7, what is 1201 - -5?
1206
In base 7, what is 103 + 456?
562
In base 7, what is 356 + -3?
353
In base 16, what is -15 - -26?
11
In base 3, what is 1 + 12110000?
12110001
In base 13, what is -224 + -29?
-250
In base 12, what is -268 - -15?
-253
In base 4, what is -10 - -20101?
20031
In base 2, what is -111001110011111 - 11?
-111001110100010
In base 2, what is 101 - -1100110?
1101011
In base 2, what is -100 - -1110011010?
1110010110
In base 16, what is 15e + -4?
15a
In base 16, what is 4 + -1b2?
-1ae
In base 10, what is 13 + -825?
-812
In base 2, what is -101001011 - -11?
-101001000
In base 5, what is -1 + 1022?
1021
In base 9, what is 18 + 60?
78
In base 4, what is 102 + -21?
21
In base 2, what is 10 + 1001000110?
1001001000
In base 8, what is 316 + 2?
320
In base 16, what is 1 + -77?
-76
In base 5, what is -10 + 121103?
121043
In base 11, what is -9 - -35?
27
In base 3, what is 11 + 20022?
20110
In base 4, what is -3110303 - -2?
-3110301
In base 3, what is 20 - 2000001?
-1222211
In base 5, what is -13 + 3132?
3114
In base 11, what is -21 + -17?
-38
In base 2, what is -100 + -110010011?
-110010111
In base 10, what is -184 + -9?
-193
In base 7, what is 34 - -160?
224
In base 10, what is 142 - -5?
147
In base 12, what is -96 + -1a?
-b4
In base 2, what is -1 + -101101111100?
-101101111101
In base 16, what is 2b - -2?
2d
In base 3, what is 1 - 2101?
-2100
In base 12, what is 11 + -585?
-574
In base 12, what is 1 - 29?
-28
In base 14, what is -8c4 + 3?
-8c1
In base 7, what is -4654 - 5?
-4662
In base 5, what is -423 - 2?
-430
In base 13, what is -3 - 48a?
-490
In base 6, what is 1 - -4?
5
In base 15, what is -7 + -72?
-79
In base 2, what is 0 + 10011000?
10011000
In base 11, what is -1 + 334?
333
In base 8, what is 0 + 224?
224
In base 2, what is 110010 + -100?
101110
In base 4, what is -113 - -321?
202
In base 9, what is -23 + -1?
-24
In base 6, what is 142 - 1052?
-510
In base 13, what is -356 - 5?
-35b
In base 4, what is 3 + 223?
232
In base 14, what is -6 - 48?
-50
In base 8, what is -13 + -1666?
-1701
In base 3, what is -121001 + 122?
-120102
In base 16, what is b01 - -4?
b05
In base 10, what is -2 - -1861?
1859
In base 7, what is -1506 + -53?
-1562
In base 9, what is -3 + 2031?
2027
In base 11, what is 221 - 0?
221
In base 6, what is 23 - -2200?
2223
In base 6, what is 1 - -53?
54
In base 6, what is -15241 - 3?
-15244
In base 7, what is 0 + 1222?
1222
In base 2, what is 1001000001 + -100?
1000111101
In base 4, what is 10123 + -3?
10120
In base 6, what is 3 + 123?
130
In base 12, what is 3bb - 0?
3bb
In base 8, what is 22 + -56?
-34
In base 2, what is -1011 + -101100?
-110111
In base 12, what is 1 + 28?
29
In base 7, what is 1143 - -2?
1145
In base 8, what is -63 - 237?
-322
In base 6, what is 0 + 104?
104
In base 5, what is -140 - -1?
-134
In base 10, what is 75 - -8?
83
In base 4, what is 123 - 300?
-111
In base 15, what is 17 - 44?
-2c
In base 11, what is 3 - -58?
60
In base 14, what is -17 + 6?
-11
In base 7, what is 6 - -256?
265
In base 4, what is -1313132 - 3?
-1313201
In base 11, what is -36 - -6?
-30
In base 8, what is -4 - 1?
-5
In base 3, what is -10210 - -101?
-10102
In base 9, what is 0 - 3163?
-3163
In base 15, what is 2b + -5?
26
In base 16, what is -2b - -d2?
a7
In base 15, what is -4 + e46?
e42
In base 12, what is -19a + 2?
-198
In base 5, what is 33 - 10?
23
In base 12, what is 9 + -88?
-7b
In base 5, what is 33 - 4?
24
In base 10, what is -2 + 110?
108
In base 16, what is -45 + c?
-39
In base 11, what is 526 + -4?
522
In base 13, what is -5 - 83?
-88
In base 11, what is -3 + -10?
-13
In base 6, what is -3 + -445?
-452
In base 3, what is 10202 + -2?
10200
In base 13, what is -45 - -3?
-42
In base 11, what is 562 - 5?
558
In base 11, what is -27 - 15?
-41
In base 12, what is -265 + 34?
-231
In base 16, what is 329 - -5?
32e
In base 10, what is -220 - 7?
-227
In base 2, what is 11 + -110100111?
-110100100
In base 11, what is 8 - 5?
3
In base 11, what is -25 - 3?
-28
In base 2, what is 101 + 10010101110?
10010110011
In base 3, what is -10 + 200111?
200101
In base 4, what is 32 + 132?
230
In base 14, what is 3 - 124?
-121
In base 14, what is -9 - -ca?
c1
In base 3, what is 122222 + 1002?
201001
In base 16, what is -1 + -66?
-67
In base 3, what is -1200110 - -21?
-1200012
In base 12, what is -1484 - 1?
-1485
In base 5, what is -110031 + -3?
-110034
In base 6, what is -54 - -103?
5
In base 6, what is 10055 - 0?
10055
In base 15, what is 67 + 1e?
86
In base 13, what is 12 + -4?
b
In base 13, what is 5 + -1689?
-1684
In base 4, what is -12031 + 3?
-12022
In base 15, what is 4992 + 0?
4992
In base 15, what is -2a3a + 3?
-2a37
In base 13, what is -4 - 55?
-59
In base 8, what is 5 - -5277?
5304
In base 12, what is 1 - 122?
-121
In base 5, what is 32 - -44?
131
In base 11, what is -4 + 265?
261
In base 11, what is -3 + -749?
-751
In base 8, what is -1 - -33?
32
In base 14, what is -3 - ba?
-bd
In base 13, what is 124 + 2?
126
In base 2, what is -1000001 + 1011?
-110110
In base 10, what is 1 + 20?
21
In base 9, what is 7 - -762?
770
In base 12, what is -38 - -105?
89
In base 6, what is -10413 + -2?
-10415
In base 13, what is -434 + 5?
-42c
In base 2, what is 111010 + -1001101?
-10011
In base 4, what is 102 + -330?
-222
In base 14, what is 26 - 3?
23
In base 9, what is -183 + 2?
-181
In base 2, what is -11101101010 + 1?
-11101101001
In base 4, what is 1013 + -2?
1011
In base 9, what is 16817 - -4?
16822
In base 13, what is -b + 11?
3
In base 2, what is 1101011 - 1010101?
10110
In base 12, what is -2064 + 2?
-2062
In base 5, what is -3 - -2233?
2230
In base 10, what is -5808 - 5?
-5813
In base 10, what is 447 - -21?
468
In base 10, what is 4 - -5027?
5031
In base 5, what is -42 - -10?
-32
In base 11, what is 678 - 6?
672
In base 12, what is 3 - -4045?
4048
In base 3, what is -220020 + -21?
-220111
In base 4, what is -1 + -22?
-23
In base 4, what is -12103 + 1?
-12102
In base 10, what is -15 - 0?
-15
In base 4, what is -1002 - -23?
-313
In base 9, what is -5 + -148?
-154
In base 15, what is 89 + 5?
8e
In base 15, what is -3 + 10?
c
In base 7, what is 161 - -3?
164
In base 16, what is -3 - -ba?
b7
In base 11, what is -1 - -215?
214
In base 14, what is -6a + 46?
-24
In base 12, what is 1b + 85?
a4
In base 6, what is 20 - -15?
35
In base 3, what is 2012021202 + -10?
2012021122
In base 2, what is -1110010 - 110011?
-10100101
In base 10, what is 2 - 16?
-14
In base 5, what is 341 - -2?
343
In base 8, what is -4 + 76?
72
In base 10, what is -64 + 122?
58
In base 13, what is -266 + 1c?
-247
In base 5, what is 4140 + -22?
4113
In base 5, what is -34422 + -4?
-34431
In base 5, what is -1 - -311?
310
In base 8, what is 414 + -5?
407
In base 8, what is -103 - -124?
21
In base 3, what is -11 + -12110121?
-12110202
In base 6, what is -4 - -25052?
25044
In base 16, what is -190 + 33?
-15d
In base 9, what is 55 - 22?
33
In base 5, what is -2 - 2001?
-2003
In base 12, what is -4 + 1404?
1400
In base 12, what is 4 - -359?
361
In base 15, what is c1 + -2?
be
In base 2, what is 101 + 1010011001?
1010011110
In base 16, what is -2 + -48?
-4a
In base 10, what is 437 - -2?
439
In base 14, what is 5 + -22?
-1b
In base 11, what is 8 + -2a?
-22
In base 12, what is 5 + -64a?
-645
In base 13, what is -54aa - 1?
-54ab
In base 2, what is -11 - 1010?
-1101
In base 9, what is 1058 - -3?
1062
In base 2, what is 1 + 100001?
100010
In base 16, what is 28f + -6?
289
In base 16, what is -d5 + 2?
-d3
In base 12, what is -266 - -11?
-255
In base 9, what is -14 + -44?
-58
In base 7, what is 6 + -2344?
-2335
In base 11, w